e the highest common divisor of 1110 and 240.
30
Calculate the highest common divisor of 36579 and 267.
267
What is the greatest common divisor of 972 and 48?
12
What is the highest common factor of 11713 and 442?
221
Calculate the greatest common factor of 7258 and 38.
38
Calculate the greatest common factor of 712 and 8.
8
What is the highest common divisor of 63 and 2401?
7
Calculate the highest common divisor of 39969 and 9.
9
What is the highest common factor of 1043 and 14?
7
Calculate the highest common divisor of 756 and 28.
28
What is the highest common factor of 3842 and 34?
34
Calculate the greatest common factor of 384 and 168.
24
Calculate the greatest common divisor of 13481 and 122.
61
Calculate the highest common factor of 64 and 112.
16
What is the greatest common factor of 1582 and 70?
14
Calculate the highest common factor of 110 and 33.
11
What is the greatest common factor of 143 and 23023?
143
Calculate the greatest common divisor of 942 and 12.
6
What is the highest common divisor of 36 and 22284?
36
What is the greatest common factor of 38 and 1539?
19
What is the greatest common factor of 112 and 18242?
14
What is the greatest common factor of 288 and 1200?
48
What is the greatest common factor of 38 and 16321?
19
What is the highest common factor of 40 and 55?
5
What is the greatest common divisor of 45 and 378?
9
Calculate the greatest common divisor of 435 and 45.
15
Calculate the greatest common factor of 33 and 3641.
11
What is the highest common factor of 481 and 37?
37
Calculate the highest common factor of 552 and 24.
24
What is the greatest common divisor of 784 and 336?
112
Calculate the highest common divisor of 22 and 10274.
22
Calculate the greatest common divisor of 180 and 8784.
36
What is the greatest common factor of 2691 and 39?
39
What is the greatest common factor of 1314 and 949?
73
What is the highest common divisor of 27 and 1809?
27
What is the highest common divisor of 89 and 178?
89
What is the greatest common divisor of 174 and 232?
58
What is the greatest common factor of 27 and 2?
1
Calculate the highest common divisor of 54 and 1908.
18
What is the greatest common divisor of 682 and 88?
22
Calculate the highest common divisor of 18 and 63.
9
Calculate the highest common factor of 2096 and 80.
16
Calculate the highest common divisor of 880 and 16.
16
What is the greatest common divisor of 774 and 172?
86
What is the highest common factor of 33 and 1551?
33
Calculate the highest common divisor of 69286 and 202.
202
What is the greatest common factor of 234 and 182?
26
What is the highest common divisor of 63 and 14?
7
What is the greatest common divisor of 2189 and 22?
11
Calculate the highest common factor of 121 and 11.
11
Calculate the highest common factor of 63 and 81.
9
Calculate the highest common divisor of 33 and 231.
33
Calculate the highest common divisor of 793 and 1281.
61
Calculate the highest common divisor of 101412 and 36.
36
What is the greatest common divisor of 17279 and 74?
37
Calculate the highest common factor of 290 and 10.
10
What is the highest common factor of 42 and 24374?
14
Calculate the greatest common factor of 3 and 33.
3
Calculate the highest common factor of 128 and 232.
8
What is the greatest common divisor of 12931 and 67?
67
Calculate the highest common divisor of 768 and 24.
24
Calculate the highest common factor of 297 and 2277.
99
Calculate the highest common factor of 106 and 6254.
106
Calculate the highest common factor of 12 and 708.
12
What is the greatest common divisor of 34 and 561?
17
What is the highest common divisor of 20 and 180?
20
Calculate the highest common divisor of 133 and 513.
19
Calculate the greatest common factor of 820 and 700.
20
What is the greatest common divisor of 871 and 13?
13
Calculate the highest common factor of 931 and 49.
49
Calculate the highest common divisor of 13 and 6071.
13
Calculate the highest common factor of 56 and 6104.
56
Calculate the greatest common divisor of 108 and 756.
108
What is the highest common factor of 351 and 156?
39
What is the greatest common divisor of 7880 and 1773?
197
Calculate the highest common factor of 255 and 195.
15
What is the greatest common divisor of 93 and 4619?
31
What is the highest common factor of 40 and 15?
5
Calculate the greatest common factor of 2665 and 410.
205
What is the greatest common factor of 26292 and 168?
84
Calculate the highest common factor of 6838 and 26.
26
Calculate the greatest common factor of 22 and 6688.
22
Calculate the highest common divisor of 110 and 17215.
55
What is the highest common factor of 2277 and 22?
11
Calculate the greatest common factor of 1932 and 84.
84
What is the highest common divisor of 740 and 265?
5
Calculate the highest common divisor of 400 and 225.
25
Calculate the greatest common divisor of 18956 and 56.
28
What is the highest common divisor of 2107 and 49?
49
Calculate the greatest common divisor of 15 and 63.
3
What is the greatest common factor of 91 and 78?
13
What is the greatest common divisor of 117 and 27?
9
Calculate the highest common factor of 12980 and 176.
44
Calculate the greatest common divisor of 349 and 1.
1
Calculate the greatest common divisor of 13 and 113347.
13
Calculate the highest common factor of 15 and 6.
3
Calculate the highest common factor of 2542 and 984.
82
What is the highest common factor of 378 and 1593?
27
What is the highest common factor of 3002 and 632?
158
What is the highest common factor of 9827 and 31?
31
Calculate the greatest common divisor of 72076 and 37.
37
Calculate the highest common factor of 152 and 114.
38
What is the greatest common factor of 45 and 1065?
15
What is the greatest common divisor of 708 and 96?
12
What is the greatest common factor of 1827 and 7?
7
Calculate the greatest common divisor of 18 and 3402.
18
What is the highest common factor of 99 and 143?
11
What is the greatest common factor of 116 and 1566?
58
Calculate the greatest common divisor of 276 and 24.
12
Calculate the greatest common divisor of 540 and 20.
20
Calculate the highest common factor of 39 and 2613.
39
What is the greatest common divisor of 23517 and 26?
13
What is the highest common divisor of 342 and 152?
38
What is the highest common factor of 321 and 6?
3
Calculate the highest common factor of 41 and 3239.
41
What is the highest common divisor of 168 and 147?
21
Calculate the greatest common divisor of 3245 and 22.
11
Calculate the greatest common divisor of 3477 and 57.
57
What is the greatest common factor of 141 and 3?
3
What is the greatest common factor of 410 and 3895?
205
Calculate the greatest common divisor of 136 and 22542.
34
What is the highest common divisor of 33 and 39072?
33
What is the highest common factor of 160 and 208?
16
What is the greatest common divisor of 29 and 377?
29
Calculate the greatest common factor of 5 and 5.
5
Calculate the highest common divisor of 666 and 36.
18
What is the greatest common divisor of 1900 and 140?
20
What is the greatest common factor of 19 and 152?
19
What is the greatest common divisor of 460 and 4508?
92
What is the highest common factor of 60 and 1310?
10
Calculate the highest common divisor of 107 and 214.
107
What is the greatest common factor of 2189 and 11?
11
Calculate the greatest common factor of 23 and 989.
23
What is the greatest common factor of 264 and 2288?
88
What is the greatest common divisor of 253 and 1863?
23
What is the greatest common divisor of 1 and 37?
1
Calculate the highest common divisor of 368 and 4.
4
Calculate the greatest common divisor of 148 and 37.
37
Calculate the highest common factor of 12 and 1356.
12
What is the highest common factor of 793 and 549?
61
Calculate the highest common factor of 72 and 1548.
36
What is the greatest common divisor of 649 and 275?
11
What is the greatest common divisor of 26 and 1378?
26
What is the highest common divisor of 580 and 20?
20
What is the highest common factor of 2 and 76?
2
What is the greatest common divisor of 15 and 15?
15
What is the highest common factor of 351 and 91?
13
What is the greatest common divisor of 10 and 130?
10
What is the highest common factor of 84 and 156?
12
Calculate the greatest common divisor of 221 and 73151.
22